{"id":41,"date":"2009-01-10T17:32:32","date_gmt":"2009-01-10T16:32:32","guid":{"rendered":"http:\/\/ludaude.fr\/?page_id=41"},"modified":"2022-07-20T15:26:31","modified_gmt":"2022-07-20T14:26:31","slug":"dans-votre-structure","status":"publish","type":"page","link":"https:\/\/ludaude.fr\/?page_id=41","title":{"rendered":"Dans votre structure"},"content":{"rendered":"<p style=\"text-align: justify;\"><span style=\"color: #000000;\"><img loading=\"lazy\" decoding=\"async\" class=\"alignright size-full wp-image-811\" title=\"trapenum\" src=\"http:\/\/ludaude.fr\/wp-content\/uploads\/2009\/01\/trapenum.jpg\" alt=\"trapenum\" width=\"185\" height=\"132\">Sur simple demande, l\u2019association peut intervenir dans votre structure (\u00e9cole, centre de loisirs, cr\u00e8che, maison de retraite, foyer\u2026).<\/span><\/p>\n<p style=\"text-align: justify;\"><span style=\"color: #000000;\">Nous adaptons notre intervention&nbsp;\u00e0 votre projet et nous pr\u00e9parons l&rsquo;intervention ensemble. Les animateurs sont l\u00e0 pour vous conseiller et vous orienter.<\/span><\/p>\n<p style=\"text-align: justify;\"><span style=\"color: #000000;\"><strong>Dans les \u00e9coles:<\/strong><\/span><\/p>\n<p style=\"text-align: justify;\"><span style=\"color: #000000;\">L&rsquo;intervention&nbsp;ne se substitue&nbsp;en aucun cas aux apprentissages scolaires; elle les compl\u00e8te. A travers le jeu, les enfants vont d\u00e9velopper des comp\u00e9tences&nbsp;transversales:&nbsp;&nbsp;respecter&nbsp;&nbsp;l&rsquo;environnement, le mat\u00e9riel et les r\u00e8gles de vie,&nbsp;faire des choix et comprendre la valeur des r\u00e8gles d&rsquo;un jeu. Sortant un temps du cadre scolaire, les enfants laissent libre cours \u00e0&nbsp;leur go\u00fbt, \u00e0 leur imagination et \u00e0&nbsp;leurs pulsions, \u00e0 leur besoin de comp\u00e9tition. Enfin, ils peuvent se confronter \u00e0 l&rsquo;adulte et nouer une relation nouvelle avec lui.<\/span><\/p>\n<p style=\"text-align: justify;\">&nbsp;<\/p>\n<p style=\"text-align: justify;\"><a href=\"http:\/\/ludaude.fr\/wp-content\/uploads\/2009\/01\/fly-prestation-\u00e9coles-2016-1.jpg\"><img loading=\"lazy\" decoding=\"async\" class=\"alignleft size-full wp-image-2633\" src=\"http:\/\/ludaude.fr\/wp-content\/uploads\/2009\/01\/fly-prestation-\u00e9coles-2016-1.jpg\" alt=\"fly prestation \u00e9coles 2016 1\" width=\"720\" height=\"1040\" srcset=\"https:\/\/ludaude.fr\/wp-content\/uploads\/2009\/01\/fly-prestation-\u00e9coles-2016-1.jpg 720w, https:\/\/ludaude.fr\/wp-content\/uploads\/2009\/01\/fly-prestation-\u00e9coles-2016-1-207x300.jpg 207w, https:\/\/ludaude.fr\/wp-content\/uploads\/2009\/01\/fly-prestation-\u00e9coles-2016-1-708x1024.jpg 708w\" sizes=\"auto, (max-width: 720px) 100vw, 720px\" \/><\/a><\/p>\n<p style=\"text-align: justify;\"><strong><span style=\"color: #b90064;\">Dans les autres structures enfance&nbsp;et jeunesse (cr\u00e8ches, centres de loisirs\/ TAP-NAP, maisons d&rsquo;enfants&#8230;):<\/span><\/strong><\/p>\n<p style=\"text-align: justify;\"><span style=\"color: #000000;\">L&rsquo;intervention permet aux enfants (groupe d&rsquo;une vingtaine maximum) d\u2019\u00e9voluer dans un&nbsp;fonctionnement diff\u00e9rent. Elle&nbsp;permet aussi aux professionnels de l&rsquo;enfance&nbsp;d&rsquo;observer leur groupe dans un contexte diff\u00e9rent.&nbsp;Notre venue r\u00e9guli\u00e8re permet de progresser avec les jeux. Au fil de cette \u00e9volution, nous pouvons proposer des jeux de plus en plus complexe mais aussi permettre une autonomie du groupe face aux jeux.&nbsp;<\/span><\/p>\n<p style=\"text-align: justify;\"><strong><span style=\"color: #b90064;\">Dans les maisons de retraite:<\/span><\/strong><\/p>\n<p style=\"text-align: justify;\"><span style=\"color: #000000;\">Nous proposons du jeu en petit groupe selon le degr\u00e9s d\u2019autonomie des pensionnaires.&nbsp; Nous pouvons faire participer une vingtaine de personnes simultan\u00e9ment. Il est important&nbsp;qu&rsquo;un ou plusieurs membres de l\u2019\u00e9quipe soignante jouent pour permettre un meilleur contact avec les personnes \u00e2g\u00e9es. La r\u00e9gularit\u00e9 de notre travail sera garante de la qualit\u00e9 relationnelle et de la confiance qui s\u2019installeront entre pensionnaires et animateurs. Nous pouvons personnaliser notre intervention en fonction de chaque institution.<\/span><\/p>\n<p style=\"text-align: justify;\"><strong><span style=\"color: #b90064;\"><br>Dans les autres structures d&rsquo;adultes:<\/span><\/strong><\/p>\n<p style=\"text-align: justify;\"><span style=\"color: #000000;\">Nous pouvons aussi travailler avec des publics particuliers : (sans domiciles fixes, demandeurs d\u2019emploi, personnes handicap\u00e9es, etc.)<\/span><\/p>\n<p style=\"text-align: justify;\"><span style=\"color: #000000;\">Nous disposons de jeux surdimensionn\u00e9s en bois avec lesquels nous pouvons faire des animations \u00e0 l&rsquo;ext\u00e9rieur ou dans des locaux. Celles-ci peuvent avoir lieu dans la journ\u00e9e, le week-end ou en soir\u00e9e. Voir rubrique \u00a0\u00bb <a href=\"http:\/\/ludaude.fr\/?page_id=61\" target=\"_self\" rel=\"noopener noreferrer\">Les prestations<\/a> \u00ab\u00a0. <\/span><\/p>\n<p style=\"text-align: justify;\"><strong><span style=\"color: #0099cc;\">Surtout, nous pouvons nous adapter \u00e0 toutes les demandes.<\/span><\/strong><\/p>\n<p>&nbsp;<\/p>\n<p style=\"text-align: justify;\"><a href=\"http:\/\/ludaude.fr\/wp-content\/uploads\/2009\/01\/fond-transparent.png\"><img loading=\"lazy\" decoding=\"async\" class=\"alignright size-full wp-image-1673\" title=\"fond transparent\" src=\"http:\/\/ludaude.fr\/wp-content\/uploads\/2009\/01\/fond-transparent.png\" alt=\"\" width=\"162\" height=\"225\"><\/a><\/p>\n\n\n<figure class=\"wp-block-image size-large\"><img loading=\"lazy\" decoding=\"async\" width=\"709\" height=\"1024\" src=\"https:\/\/ludaude.fr\/wp-content\/uploads\/fly-prestation-evenements-Nouveau-tarifs-2022-2-709x1024.jpg\" alt=\"\" class=\"wp-image-3373\" srcset=\"https:\/\/ludaude.fr\/wp-content\/uploads\/fly-prestation-evenements-Nouveau-tarifs-2022-2-709x1024.jpg 709w, https:\/\/ludaude.fr\/wp-content\/uploads\/fly-prestation-evenements-Nouveau-tarifs-2022-2-208x300.jpg 208w, https:\/\/ludaude.fr\/wp-content\/uploads\/fly-prestation-evenements-Nouveau-tarifs-2022-2.jpg 720w\" sizes=\"auto, (max-width: 709px) 100vw, 709px\" \/><\/figure>\n","protected":false},"excerpt":{"rendered":"<p>Sur simple demande, l\u2019association peut intervenir dans votre structure (\u00e9cole, centre de loisirs, cr\u00e8che, maison de retraite, foyer\u2026). Nous adaptons&hellip; <a class=\"read-more\" href=\"https:\/\/ludaude.fr\/?page_id=41\">Continuer la lecture<\/a><\/p>\n","protected":false},"author":1,"featured_media":0,"parent":63,"menu_order":2,"comment_status":"closed","ping_status":"closed","template":"","meta":{"ngg_post_thumbnail":0,"footnotes":""},"class_list":["post-41","page","type-page","status-publish","hentry"],"_links":{"self":[{"href":"https:\/\/ludaude.fr\/index.php?rest_route=\/wp\/v2\/pages\/41","targetHints":{"allow":["GET"]}}],"collection":[{"href":"https:\/\/ludaude.fr\/index.php?rest_route=\/wp\/v2\/pages"}],"about":[{"href":"https:\/\/ludaude.fr\/index.php?rest_route=\/wp\/v2\/types\/page"}],"author":[{"embeddable":true,"href":"https:\/\/ludaude.fr\/index.php?rest_route=\/wp\/v2\/users\/1"}],"replies":[{"embeddable":true,"href":"https:\/\/ludaude.fr\/index.php?rest_route=%2Fwp%2Fv2%2Fcomments&post=41"}],"version-history":[{"count":62,"href":"https:\/\/ludaude.fr\/index.php?rest_route=\/wp\/v2\/pages\/41\/revisions"}],"predecessor-version":[{"id":3374,"href":"https:\/\/ludaude.fr\/index.php?rest_route=\/wp\/v2\/pages\/41\/revisions\/3374"}],"up":[{"embeddable":true,"href":"https:\/\/ludaude.fr\/index.php?rest_route=\/wp\/v2\/pages\/63"}],"wp:attachment":[{"href":"https:\/\/ludaude.fr\/index.php?rest_route=%2Fwp%2Fv2%2Fmedia&parent=41"}],"curies":[{"name":"wp","href":"https:\/\/api.w.org\/{rel}","templated":true}]}}