{"id":9,"date":"2009-01-10T16:34:51","date_gmt":"2009-01-10T15:34:51","guid":{"rendered":"http:\/\/ludaude.fr\/?page_id=9"},"modified":"2020-12-01T15:45:21","modified_gmt":"2020-12-01T14:45:21","slug":"lassociation","status":"publish","type":"page","link":"https:\/\/ludaude.fr\/?page_id=9","title":{"rendered":"L&rsquo;association"},"content":{"rendered":"<div style=\"text-align: left;\"><span style=\"color: #b90065;\"><strong>Adh\u00e9sion :<\/strong><\/span><\/div>\n<div style=\"text-align: left;\"><span style=\"color: #b90064;\"><span style=\"color: #0099cc;\"><span style=\"color: #000000;\">L&rsquo;adh\u00e9sion&nbsp;peut \u00eatre&nbsp;prise \u00e0 tout moment de l\u2019ann\u00e9e. Elle est valable&nbsp;pour une ann\u00e9e compl\u00e8te de date \u00e0 date.<\/span><\/span><\/span><\/div>\n<p><strong><span style=\"color: #b90064;\"><span style=\"color: #0099cc;\"><span style=\"color: #000000;\">Tarif :<\/span><\/span><\/span><\/strong><\/p>\n<div style=\"text-align: left;\"><span style=\"color: #b90064;\"><span style=\"color: #0099cc;\"><span style=\"color: #000000;\">Individuel :&nbsp;20 \u20ac<\/span><\/span><\/span><\/div>\n<div style=\"text-align: left;\"><span style=\"color: #b90064;\"><span style=\"color: #0099cc;\"><span style=\"color: #000000;\">Famille avec 1 enfant : 25 \u20ac<\/span><\/span><\/span><\/div>\n<div style=\"text-align: left;\"><span style=\"color: #b90064;\"><span style=\"color: #0099cc;\"><span style=\"color: #000000;\">Famille avec&nbsp;2 enfants : 30 \u20ac<\/span><\/span><\/span><\/div>\n<div style=\"text-align: left;\"><span style=\"color: #b90064;\"><span style=\"color: #0099cc;\"><span style=\"color: #000000;\">familles avec 3 enfants et plus :&nbsp;35 \u20ac<\/span><\/span><\/span><\/div>\n<div style=\"text-align: left;\">&nbsp;<\/div>\n<div style=\"text-align: left;\"><span style=\"color: #b90064;\"><span style=\"color: #0099cc;\"><span style=\"color: #000000;\">Structures (\u00e9coles, associations, collectivt\u00e9s&#8230;) : 40 \u20ac<\/span><strong>&nbsp;&nbsp;&nbsp; <\/strong><\/span><\/span><\/div>\n<div style=\"text-align: center;\">&nbsp;&nbsp;<\/div>\n<div><strong><span style=\"color: #b90064;\">Historique:<\/span><\/strong><\/div>\n<div><span style=\"color: #000000;\">L\u2019association Lud&rsquo;Aude \u00e0 \u00e9t\u00e9 cr\u00e9e en 1984. Pour r\u00e9pondre \u00e0 son objet d\u2019\u00e9ducation populaire et d\u2019animation pour la jeunesse, elle a cr\u00e9\u00e9 une ludoth\u00e8que en 1989.<\/span><\/div>\n<p style=\"text-align: justify;\"><span style=\"color: #000000;\">Elle s\u2019est implant\u00e9e dans un local sur Couiza. D\u00e9vast\u00e9e par les inondations en 1992, la mairie et le Rotary Club ont restaur\u00e9 un nouveau local pour accueillir l\u2019activit\u00e9 de la ludoth\u00e8que.<\/span><\/p>\n<p style=\"text-align: justify;\"><span style=\"color: #000000;\">Elle est aujourd\u2019hui situ\u00e9e dans le coeur du village dans un local mis \u00e0 disposition par la Communaut\u00e9 de Communes. Compl\u00e8tement int\u00e9gr\u00e9e \u00e0 la politique enfance et jeunesse de la Communaut\u00e9 de Communes du Pays de Couiza, la ludoth\u00e8que fait partie du Contrat Educatif Local (CEL) avec la DDJS (Direction D\u00e9partementale de la Jeunesse et des sports) de l\u2019Aude depuis 2007 et du Contrat Enfance et Jeunesse (CEJ) avec la CAF de l\u2019Aude depuis 2008.<\/span><\/p>\n<p style=\"text-align: justify;\"><span style=\"color: #000000;\">Pour la r\u00e9alisation de ses activit\u00e9s aupr\u00e8s des enfants et des jeunes du territoire, la Communaut\u00e9 de Communes met \u00e0 disposition de l\u2019association&nbsp;un poste de directrice (\u00e9quivalent 15h\/semaine)<\/span><\/p>\n<p style=\"text-align: justify;\"><span style=\"color: #000000;\">Depuis 2007, l\u2019association a largement d\u00e9velopp\u00e9 son activit\u00e9 sur le Pays de Couiza (\u00e9coles,&nbsp;adolescents,&nbsp;itin\u00e9rance dans certains villages&#8230;). Elle souhaite aujourd&rsquo;hui proposer \u00e0 jouer \u00e0 des publics plus larges tels que des&nbsp;personnes \u00e2g\u00e9es ou en institutions sur tout le d\u00e9partement de l&rsquo;Aude.<\/span><\/p>\n<p>Depuis 2020, le local est \u00e0 Montazels dans les anciens locaux de l&rsquo;\u00e9cole.<\/p>\n\n\n<div class=\"wp-block-buttons is-layout-flex wp-block-buttons-is-layout-flex\"><\/div>\n\n\n\n<div class=\"wp-block-file\"><a href=\"https:\/\/ludaude.fr\/wp-content\/uploads\/2019-Compte-rendu-dAG-LudAude_compressed.pdf\">Rapport d&rsquo;activit\u00e9 &#8211; ann\u00e9e 2019<\/a><a href=\"https:\/\/ludaude.fr\/wp-content\/uploads\/2019-Compte-rendu-dAG-LudAude_compressed.pdf\" class=\"wp-block-file__button\" download>T\u00e9l\u00e9charger<\/a><\/div>\n\n\n\n<div class=\"wp-block-file\"><a href=\"https:\/\/ludaude.fr\/wp-content\/uploads\/Synthese-Projet-educatif.pdf\">Synth\u00e8se Projet \u00e9ducatif<\/a><a href=\"https:\/\/ludaude.fr\/wp-content\/uploads\/Synthese-Projet-educatif.pdf\" class=\"wp-block-file__button\" download>T\u00e9l\u00e9charger<\/a><\/div>\n\n\n\n<p><\/p>\n","protected":false},"excerpt":{"rendered":"<p>Adh\u00e9sion : L&rsquo;adh\u00e9sion&nbsp;peut \u00eatre&nbsp;prise \u00e0 tout moment de l\u2019ann\u00e9e. Elle est valable&nbsp;pour une ann\u00e9e compl\u00e8te de date \u00e0 date. Tarif&hellip; <a class=\"read-more\" href=\"https:\/\/ludaude.fr\/?page_id=9\">Continuer la lecture<\/a><\/p>\n","protected":false},"author":1,"featured_media":0,"parent":0,"menu_order":6,"comment_status":"closed","ping_status":"closed","template":"","meta":{"ngg_post_thumbnail":0,"footnotes":""},"class_list":["post-9","page","type-page","status-publish","hentry"],"_links":{"self":[{"href":"https:\/\/ludaude.fr\/index.php?rest_route=\/wp\/v2\/pages\/9","targetHints":{"allow":["GET"]}}],"collection":[{"href":"https:\/\/ludaude.fr\/index.php?rest_route=\/wp\/v2\/pages"}],"about":[{"href":"https:\/\/ludaude.fr\/index.php?rest_route=\/wp\/v2\/types\/page"}],"author":[{"embeddable":true,"href":"https:\/\/ludaude.fr\/index.php?rest_route=\/wp\/v2\/users\/1"}],"replies":[{"embeddable":true,"href":"https:\/\/ludaude.fr\/index.php?rest_route=%2Fwp%2Fv2%2Fcomments&post=9"}],"version-history":[{"count":57,"href":"https:\/\/ludaude.fr\/index.php?rest_route=\/wp\/v2\/pages\/9\/revisions"}],"predecessor-version":[{"id":3362,"href":"https:\/\/ludaude.fr\/index.php?rest_route=\/wp\/v2\/pages\/9\/revisions\/3362"}],"wp:attachment":[{"href":"https:\/\/ludaude.fr\/index.php?rest_route=%2Fwp%2Fv2%2Fmedia&parent=9"}],"curies":[{"name":"wp","href":"https:\/\/api.w.org\/{rel}","templated":true}]}}